me factors of r?
281
Suppose 135050 = 771*s - 697*s. List the prime factors of s.
5, 73
Let y(s) be the first derivative of -s**3 + 2*s**2 + 636*s - 34. List the prime factors of y(0).
2, 3, 53
Suppose -111*m + 158*m - 1614403 = 0. List the prime factors of m.
7, 701
Let n(y) = y**2 + 2*y - 3. Let b be n(-3). Let t(c) = -10*c + b*c + 2331*c**3 + 11*c**2 + c - 2332*c**3 + 3. What are the prime factors of t(9)?
2, 3, 7
Let w be (3 + (-44)/6)/((-2)/(-6)). Let a = -139 - -232. What are the prime factors of (a + w)/(2/3)?
2, 3, 5
Let d = 211 - 75. Suppose 131*t - d*t + 3025 = 0. List the prime factors of t.
5, 11
Let b(q) = -1 - 424*q + 550*q + 1114*q - 16 - 1. List the prime factors of b(1).
2, 13, 47
Let v = 287 + -277. List the prime factors of (472/20)/(v/400).
2, 59
List the prime factors of 2888/(-171) - -17 - 36988/(-18).
3, 5, 137
Let w(x) = 17*x + 3. Let u be w(14). Suppose u - 73 = -8*q. What are the prime factors of (-7)/(q/12) - -118?
2, 61
Suppose -5*s - 4*t = -3713, -14*t = 2*s - 18*t - 1502. Suppose s = 3*f + o, -9*o = -2*f - 4*o + 525. List the prime factors of f.
2, 5
What are the prime factors of 6 + -8 + (11157 - 3) - 8?
2, 7, 199
Suppose 80*s - 1833089 - 80141 = -30*s. List the prime factors of s.
17393
Suppose -5632 = -5*p + 3343. Suppose 0 = 2*q + 3*q - p. Let j = 544 - q. What are the prime factors of j?
5, 37
Let c be (99/(-12))/(3/(-4)). Suppose 6*y = -c*y + 5219. List the prime factors of y.
307
Suppose 2*m + 54 = 3*a, -2*a = -4*m + 3 - 95. Let l(t) be the third derivative of -11*t**4/24 - 59*t**3/6 + 508*t**2. What are the prime factors of l(m)?
2, 43
Let i(j) = -21*j - 20. Let t be i(12). Let k = t + 486. List the prime factors of k.
2, 107
Suppose 94*y = -88*y + 1531622 + 3091906. List the prime factors of y.
2, 3, 29, 73
Suppose 757085 = 2517*z - 2482*z. List the prime factors of z.
97, 223
Let u(t) = t**3 + 7*t**2 + 12*t + 36. Suppose -3*o - 20 = 2*y, -o - 5 = y + 2. Let k be u(o). Suppose k*l + 4*l = 872. What are the prime factors of l?
2, 109
Let z(u) = 1577*u + 13744. List the prime factors of z(31).
3, 6959
Suppose -368*s = -364*s. Suppose 447 = m - 5*r - 431, s = -3*m + 4*r + 2667. What are the prime factors of m?
19, 47
Let q(v) = 68*v - 4. Let g = 156 + -141. List the prime factors of q(g).
2, 127
Suppose -141271 = -19*n - 30007. What are the prime factors of n?
2, 3, 61
Let m be (-5)/6*3*-58. Suppose -4*r = -5*t - 354, 11*r - 6*r - 215 = 3*t. Let a = m + t. List the prime factors of a.
3, 5
Let q(j) = -42 - 9*j + 5 + 0*j. Suppose 4*l + 7*l + 300 = -19*l. List the prime factors of q(l).
53
Let i(y) = -y**3 - 35*y**2 - 38*y + 105. Let f be i(-34). Let c = f + -143. List the prime factors of c.
2, 7
List the prime factors of -4 - 1/(-2)*18962.
3, 13
Let d(y) = -262*y + 19468. What are the prime factors of d(0)?
2, 31, 157
List the prime factors of 3/(3751/(-23100) - 7/(-42)).
2, 5, 7
Suppose 4*k + 33 - 413 = 0. Suppose 3*u - 2*s - 19 = 0, -u - 11*s = -6*s - 29. Let t = k + u. What are the prime factors of t?
2, 13
Let t be (-4)/(-22) - 3/66*-238. Suppose 4*r + 12 - 25 = -i, -2*r = -3*i + t. Suppose 142 = r*d - 5*l, 4*d - 256 - 18 = 5*l. List the prime factors of d.
2, 3, 11
Let g(m) = m**2 + 3*m - 41. Let b be g(14). Suppose b = 3*h + 2*w, 2*w = -3 - 1. Let d = h + 15. List the prime factors of d.
2, 41
Let p = 4 - 263. Let g = 465 + p. List the prime factors of 4/(-6) - g/(-3).
2, 17
Let i(w) = -45*w**3 + w**2 - 4*w - 4. Let k = -29 + 26. Let n be i(k). Suppose -13*h + n = -2*h. List the prime factors of h.
2, 7
What are the prime factors of ((-306)/(-63))/(4/280)?
2, 5, 17
Let a(s) = 21*s - 99. Let v be a(-12). Let w = v - -1412. What are the prime factors of w?
1061
Let j(v) = 4041*v - 9. Let w be j(1). Suppose 87*b + w = 99*b. What are the prime factors of b?
2, 3, 7
Let l = -78612 + 125549. What are the prime factors of l?
11, 17, 251
Suppose -70410 = -5*a - 5*n, 33033 = 3*a + 5*n - 9211. List the prime factors of a.
14083
Suppose -14*x + 2*x + 432 = 0. Let k(g) = 125*g**2 - 4*g + 3. Let i be k(5). List the prime factors of i/x + (-4)/(-6).
3, 29
Suppose 4*n + 2*z - 39938 = 0, -3*n + 3*z + 39933 = n. What are the prime factors of n?
2, 3, 13
Let l(d) = 27*d**3 - 14*d**2 - 19*d + 88. What are the prime factors of l(6)?
2, 11, 241
Let w be (-4778)/(-6) + ((-8)/6 - -1). Let y = -476 + w. List the prime factors of y.
2, 5
Let z be (44/12)/(9/(-1431)). Let s = 1059 + z. What are the prime factors of s?
2, 7, 17
Suppose 15*d = 17*d + 16. Let c = d + 6. What are the prime factors of 696/30 + 1/10*c?
23
Suppose 19*g = -3*v + 10940, 3*v - 14*g + 11*g = 10962. List the prime factors of v.
13, 281
Let q(i) = -353*i - 6112. What are the prime factors of q(-54)?
2, 5, 7, 37
Suppose -17*m + 107*m + 354438 = 954288. What are the prime factors of m?
5, 31, 43
Suppose -77227 + 283411 = 44*o. List the prime factors of o.
2, 3, 11, 71
Let u(y) = y**2 + 7*y - 73. Let t be (-450)/(-24) - ((-9)/12)/3. What are the prime factors of u(t)?
421
Suppose -1482216 = -252*v + 4025496. What are the prime factors of v?
2, 683
List the prime factors of 7412/545*(-1 + 531).
2, 17, 53
Let b(k) = -k**3 - 2*k**2 - 3*k - 9. Let r be b(-4). Let d = r - -91. List the prime factors of d.
2, 3, 7
Let p(k) = 62*k**2 - 9*k + 6. Let n(r) = -5*r - 57. Let u be n(-12). List the prime factors of p(u).
3, 179
Let d be (-4 - 2)/((-5)/((-5050)/(-3))). Suppose 0 = -3*v - 2*b + d, -4*b + 201 = 2*v - 1143. List the prime factors of v.
2, 337
Let n be ((-15)/(-6) - 1)/(6/12). Suppose -n*w = -4*k - 24 - 7, 8 = 4*w + 3*k. Suppose w*o + 2*s - 96 = 404, -3*o + 4*s = -300. What are the prime factors of o?
2, 5
Let f = 22048 + -10410. What are the prime factors of f?
2, 11, 23
Let y(g) = g**2 + g + 240. Let r be y(0). Suppose -2*u = -6*u + p - r, -5*p = -4*u - 240. Let a = u + 114. What are the prime factors of a?
2, 3
Let i(n) = 8*n**2 - 150*n + 330. What are the prime factors of i(53)?
2, 47, 79
Suppose -5*r - 11*o + 127245 = -6*o, -4*o - 127218 = -5*r. List the prime factors of r.
2, 3, 4241
Suppose -5*z + 3*u = 5*u - 57, 8 = -2*u. Let w = 16 + z. Suppose -35*v = -w*v - 864. What are the prime factors of v?
2, 3
Let q(c) be the first derivative of 8*c**2 - 215*c + 51. List the prime factors of q(30).
5, 53
Let c be (-360)/27 - -12 - (-1250)/(-3). Let s = c - -768. What are the prime factors of s?
2, 5, 7
Let r be 66/(-3)*((-57)/6 + 0). Let x = r - -53. What are the prime factors of x?
2, 131
Let t(r) = -1637*r - 1124. What are the prime factors of t(-9)?
31, 439
Suppose 0 = -5*c, 4*t - 31941 = -c - 2*c + 33859. List the prime factors of t.
2, 5, 7, 47
Let w(v) = 140*v**3 - 3*v**2 + 44*v - 95. What are the prime factors of w(3)?
2, 5, 379
Let v be 0/(5 + -9 + 6). Suppose v = 10*d - 3*d - 1764. What are the prime factors of d?
2, 3, 7
Let q = -303 - -300. List the prime factors of (-1 + q - 1377/(-3)) + -2.
3, 151
Let p = -195 + 209. Suppose 5440 = -p*f + 31*f. List the prime factors of f.
2, 5
Let j = -260 - -1161. What are the prime factors of j?
17, 53
Let m = 13822 - -16458. What are the prime factors of m?
2, 5, 757
Let u be 20 - 24 - 2*(-16)/(-2). Let j be 9/(54/24) - u. Suppose 26*i = 24*i + j. What are the prime factors of i?
2, 3
Suppose 1354 = 4*z - 2*o, 3*z - 5*o - 1349 = -316. Suppose 6*t + z = 840. What are the prime factors of t?
2, 3, 7
Suppose 123864 = -65*p + 338624. List the prime factors of p.
2, 7, 59
Suppose -24 = -5*b - 4. Suppose 3*p - 2*p - b*x = 263, 534 = 2*p - 4*x. Let y = -160 + p. List the prime factors of y.
3, 37
What are the prime factors of (5 - -4) + 58925 + -7 + -7?
2, 3, 5, 491
Suppose 0 = -0*u + 5*u + 3*a - 394, 402 = 5*u - a. Let w = u - 184. Let b = 175 + w. What are the prime factors of b?
71
Suppose -4*c + 0*c = 4*o + 32, c = -5*o + 12. Let k(b) = -b**2 - 15*b - 9. Let q be k(c). Let y = 55 + q. What are the prime factors of y?
2, 3
Let y(d) = -179*d + 454. What are the prime factors of y(-67)?
3, 461
Let z(m) = 96*m**2 - m + 2. Let b be z(-2). Let h = b + -208. What are the prime factors of h?
2, 3, 5
Let c(v) = 2*v**3 + 99*v**2 - 12*v + 505. List the prime factors of c(-45).
2, 5, 41, 47
Let p = -23 + 27. Let j = -11 + 13. Suppose p*c + 2*z = 104, -j*z + 16 = c + z. What are the prime factors of c?
2, 7
Suppose 3*h = -